{"id":4157,"date":"2021-07-24T17:37:42","date_gmt":"2021-07-24T15:37:42","guid":{"rendered":"http:\/\/www.giuseppealbano.com\/?page_id=4157"},"modified":"2021-07-24T17:37:42","modified_gmt":"2021-07-24T15:37:42","slug":"about","status":"publish","type":"page","link":"http:\/\/www.giuseppealbano.com\/it\/about\/","title":{"rendered":"SU DI ME"},"content":{"rendered":"[vc_row type=&#8221;in_container&#8221; full_screen_row_position=&#8221;middle&#8221; scene_position=&#8221;center&#8221; text_color=&#8221;dark&#8221; text_align=&#8221;left&#8221; overlay_strength=&#8221;0.3&#8243; shape_divider_position=&#8221;bottom&#8221;][vc_column column_padding=&#8221;no-extra-padding&#8221; column_padding_position=&#8221;all&#8221; background_color_opacity=&#8221;1&#8243; background_hover_color_opacity=&#8221;1&#8243; column_link_target=&#8221;_self&#8221; column_shadow=&#8221;none&#8221; column_border_radius=&#8221;none&#8221; width=&#8221;1\/4&#8243; tablet_width_inherit=&#8221;default&#8221; tablet_text_alignment=&#8221;default&#8221; phone_text_alignment=&#8221;default&#8221; column_border_width=&#8221;none&#8221; column_border_style=&#8221;solid&#8221;]<div class=\"img-with-aniamtion-wrap \" data-max-width=\"75%\" data-border-radius=\"none\"><div class=\"inner\"><img data-shadow=\"none\" data-shadow-direction=\"middle\" class=\"img-with-animation skip-lazy \" data-delay=\"0\" height=\"960\" width=\"924\" style=\"margin-top: 40px; \" data-animation=\"none\" src=\"http:\/\/www.giuseppealbano.com\/wp-content\/uploads\/about.jpg\" srcset=\"http:\/\/www.giuseppealbano.com\/wp-content\/uploads\/about.jpg 924w, http:\/\/www.giuseppealbano.com\/wp-content\/uploads\/about-289x300.jpg 289w, http:\/\/www.giuseppealbano.com\/wp-content\/uploads\/about-768x798.jpg 768w\" sizes=\"100vw\" alt=\"\" \/><\/div><\/div>[\/vc_column][vc_column column_padding=&#8221;no-extra-padding&#8221; column_padding_position=&#8221;all&#8221; background_color_opacity=&#8221;1&#8243; background_hover_color_opacity=&#8221;1&#8243; column_link_target=&#8221;_self&#8221; column_shadow=&#8221;none&#8221; column_border_radius=&#8221;none&#8221; width=&#8221;3\/4&#8243; tablet_width_inherit=&#8221;default&#8221; tablet_text_alignment=&#8221;default&#8221; phone_text_alignment=&#8221;default&#8221; column_border_width=&#8221;none&#8221; column_border_style=&#8221;solid&#8221;][vc_custom_heading text=&#8221;GIUSEPPE ALBANO&#8221; font_container=&#8221;tag:h4|font_size:26|text_align:left&#8221; google_fonts=&#8221;font_family:Lato%3A100%2C100italic%2C300%2C300italic%2Cregular%2Citalic%2C700%2C700italic%2C900%2C900italic|font_style:700%20bold%20regular%3A700%3Anormal&#8221;][vc_custom_heading text=&#8221;Napoli, 1992&#8243; font_container=&#8221;tag:h6|font_size:22|text_align:left&#8221; google_fonts=&#8221;font_family:Lato%3A100%2C100italic%2C300%2C300italic%2Cregular%2Citalic%2C700%2C700italic%2C900%2C900italic|font_style:300%20light%20regular%3A300%3Anormal&#8221;][vc_column_text]Napoletano di nascita. Ha coltivato la propria passione per le arti e per l&#8217;architettura in particolare sin da giovane. Dopo la maturit\u00e0 scientifica, conseguita nella propria citt\u00e0 natale, decide di iscriversi presso la Facolt\u00e0 di architettura dell&#8217;ateneo partenopeo, laureandosi nel 2018 con un lavoro riguardante il restauro e l&#8217;adeguamento funzionale degli spazi abbandonati relativi al cosiddetto\u00a0<em>Noviziato<\/em> della Certosa di San Martino.<\/p>\n<p>Contemporaneamente al percoso di studi ha coltivato l&#8217;interesse per il mondo della fotografia di architettura e paesaggio. Il punto di svolta nella comprensione delle tecniche di ripresa \u00e8 stato il corso semestrale tenuto da Mario Ferrara presso l&#8217;ateneo di appartenenza.<\/p>\n<p>Durante gli anni accademici ha svolto le prime esperienze in termini di volontariato presso l&#8217;Associazione Dimore Storiche Italiane dal quale \u00e8 scaturita la pubblicazione, insieme ad altri autori, del piccolo opuscolo di accompagnamento agli edifici selezionati per le occasioni curandone in particolar modo la parte fotografica.<\/p>\n<p>Nello stesso periodo ha partecipato, in qualit\u00e0 di fotografo, a diversi concorsi come quello organizzato da\u00a0<em>la gente di napoli<\/em> nel 2016 presso il Palazzo Arti Napoli (PAN) in via dei Mille. Nel 2017 \u00e8 il turno della\u00a0<em>XXI edizione\u00a0<\/em>di FUTURO REMOTO in Piazza Plebiscito.<\/p>\n<p>Immediatamente dopo la laurea si abilita alla professione e inizia a collaborare con studi di architettura e di ingegneria partenopei e con imprese edili.<\/p>\n<p>Contemporaneamente conduce la propria ricerca fotografica con una nuova esposizione collettiva presso il <em>Frank Ison Space<\/em> di Londra organizzato da PROFFERLO architecture nel febbraio 2021 e con la pubblicazione degli scatti sul mercatino a Sant&#8217;Anna di Palazzo sulla rivista olandese OASE numero 108 insieme allo studio di architettura A402 nel marzo dello stesso anno.[\/vc_column_text][\/vc_column][\/vc_row]","protected":false},"excerpt":{"rendered":"<p>[vc_row type=&#8221;in_container&#8221; full_screen_row_position=&#8221;middle&#8221; scene_position=&#8221;center&#8221; text_color=&#8221;dark&#8221; text_align=&#8221;left&#8221; overlay_strength=&#8221;0.3&#8243; shape_divider_position=&#8221;bottom&#8221;][vc_column column_padding=&#8221;no-extra-padding&#8221; column_padding_position=&#8221;all&#8221; background_color_opacity=&#8221;1&#8243; background_hover_color_opacity=&#8221;1&#8243; column_link_target=&#8221;_self&#8221; column_shadow=&#8221;none&#8221; column_border_radius=&#8221;none&#8221; width=&#8221;1\/4&#8243; tablet_width_inherit=&#8221;default&#8221; tablet_text_alignment=&#8221;default&#8221; phone_text_alignment=&#8221;default&#8221; column_border_width=&#8221;none&#8221; column_border_style=&#8221;solid&#8221;][\/vc_column][vc_column column_padding=&#8221;no-extra-padding&#8221; column_padding_position=&#8221;all&#8221; background_color_opacity=&#8221;1&#8243; background_hover_color_opacity=&#8221;1&#8243; column_link_target=&#8221;_self&#8221; column_shadow=&#8221;none&#8221; column_border_radius=&#8221;none&#8221; width=&#8221;3\/4&#8243; tablet_width_inherit=&#8221;default&#8221;&#8230;<\/p>\n","protected":false},"author":3,"featured_media":0,"parent":0,"menu_order":0,"comment_status":"closed","ping_status":"closed","template":"","meta":[],"_links":{"self":[{"href":"http:\/\/www.giuseppealbano.com\/it\/wp-json\/wp\/v2\/pages\/4157"}],"collection":[{"href":"http:\/\/www.giuseppealbano.com\/it\/wp-json\/wp\/v2\/pages"}],"about":[{"href":"http:\/\/www.giuseppealbano.com\/it\/wp-json\/wp\/v2\/types\/page"}],"author":[{"embeddable":true,"href":"http:\/\/www.giuseppealbano.com\/it\/wp-json\/wp\/v2\/users\/3"}],"replies":[{"embeddable":true,"href":"http:\/\/www.giuseppealbano.com\/it\/wp-json\/wp\/v2\/comments?post=4157"}],"version-history":[{"count":19,"href":"http:\/\/www.giuseppealbano.com\/it\/wp-json\/wp\/v2\/pages\/4157\/revisions"}],"predecessor-version":[{"id":4176,"href":"http:\/\/www.giuseppealbano.com\/it\/wp-json\/wp\/v2\/pages\/4157\/revisions\/4176"}],"wp:attachment":[{"href":"http:\/\/www.giuseppealbano.com\/it\/wp-json\/wp\/v2\/media?parent=4157"}],"curies":[{"name":"wp","href":"https:\/\/api.w.org\/{rel}","templated":true}]}}

[vc_row type=&#8221;in_container&#8221; full_screen_row_position=&#8221;middle&#8221; scene_position=&#8221;center&#8221; text_color=&#8221;dark&#8221; text_align=&#8221;left&#8221; overlay_strength=&#8221;0.3&#8243; shape_divider_position=&#8221;bottom&#8221;][vc_column column_padding=&#8221;no-extra-padding&#8221; column_padding_position=&#8221;all&#8221; background_color_opacity=&#8221;1&#8243; background_hover_color_opacity=&#8221;1&#8243; column_link_target=&#8221;_self&#8221; column_shadow=&#8221;none&#8221; column_border_radius=&#8221;none&#8221; width=&#8221;1/4&#8243; tablet_width_inherit=&#8221;default&#8221; tablet_text_alignment=&#8221;default&#8221; phone_text_alignment=&#8221;default&#8221; column_border_width=&#8221;none&#8221; column_border_style=&#8221;solid&#8221;]<div class="img-with-aniamtion-wrap " data-max-width="75%" data-border-radius="none"><div class="inner"><img data-shadow="none" data-shadow-direction="middle" class="img-with-animation skip-lazy " data-delay="0" height="960" width="924" style="margin-top: 40px; " data-animation="none" src="http://www.giuseppealbano.com/wp-content/uploads/about.jpg" srcset="http://www.giuseppealbano.com/wp-content/uploads/about.jpg 924w, http://www.giuseppealbano.com/wp-content/uploads/about-289x300.jpg 289w, http://www.giuseppealbano.com/wp-content/uploads/about-768x798.jpg 768w" sizes="100vw" alt="" /></div></div>[/vc_column][vc_column column_padding=&#8221;no-extra-padding&#8221; column_padding_position=&#8221;all&#8221; background_color_opacity=&#8221;1&#8243; background_hover_color_opacity=&#8221;1&#8243; column_link_target=&#8221;_self&#8221; column_shadow=&#8221;none&#8221; column_border_radius=&#8221;none&#8221; width=&#8221;3/4&#8243; tablet_width_inherit=&#8221;default&#8221; tablet_text_alignment=&#8221;default&#8221; phone_text_alignment=&#8221;default&#8221; column_border_width=&#8221;none&#8221; column_border_style=&#8221;solid&#8221;][vc_custom_heading text=&#8221;GIUSEPPE ALBANO&#8221; font_container=&#8221;tag:h4|font_size:26|text_align:left&#8221; google_fonts=&#8221;font_family:Lato%3A100%2C100italic%2C300%2C300italic%2Cregular%2Citalic%2C700%2C700italic%2C900%2C900italic|font_style:700%20bold%20regular%3A700%3Anormal&#8221;][vc_custom_heading text=&#8221;Napoli, 1992&#8243; font_container=&#8221;tag:h6|font_size:22|text_align:left&#8221; google_fonts=&#8221;font_family:Lato%3A100%2C100italic%2C300%2C300italic%2Cregular%2Citalic%2C700%2C700italic%2C900%2C900italic|font_style:300%20light%20regular%3A300%3Anormal&#8221;][vc_column_text]Napoletano di nascita. Ha coltivato la propria passione per le arti e per l&#8217;architettura in particolare sin da giovane. Dopo la maturità scientifica, conseguita nella propria città natale, decide di iscriversi presso la Facoltà di architettura dell&#8217;ateneo partenopeo, laureandosi nel 2018 con un lavoro riguardante il restauro e l&#8217;adeguamento funzionale degli spazi abbandonati relativi al cosiddetto <em>Noviziato</em> della Certosa di San Martino.</p>
<p>Contemporaneamente al percoso di studi ha coltivato l&#8217;interesse per il mondo della fotografia di architettura e paesaggio. Il punto di svolta nella comprensione delle tecniche di ripresa è stato il corso semestrale tenuto da Mario Ferrara presso l&#8217;ateneo di appartenenza.</p>
<p>Durante gli anni accademici ha svolto le prime esperienze in termini di volontariato presso l&#8217;Associazione Dimore Storiche Italiane dal quale è scaturita la pubblicazione, insieme ad altri autori, del piccolo opuscolo di accompagnamento agli edifici selezionati per le occasioni curandone in particolar modo la parte fotografica.</p>
<p>Nello stesso periodo ha partecipato, in qualità di fotografo, a diversi concorsi come quello organizzato da <em>la gente di napoli</em> nel 2016 presso il Palazzo Arti Napoli (PAN) in via dei Mille. Nel 2017 è il turno della <em>XXI edizione </em>di FUTURO REMOTO in Piazza Plebiscito.</p>
<p>Immediatamente dopo la laurea si abilita alla professione e inizia a collaborare con studi di architettura e di ingegneria partenopei e con imprese edili.</p>
<p>Contemporaneamente conduce la propria ricerca fotografica con una nuova esposizione collettiva presso il <em>Frank Ison Space</em> di Londra organizzato da PROFFERLO architecture nel febbraio 2021 e con la pubblicazione degli scatti sul mercatino a Sant&#8217;Anna di Palazzo sulla rivista olandese OASE numero 108 insieme allo studio di architettura A402 nel marzo dello stesso anno.[/vc_column_text][/vc_column][/vc_row]
